{"id":104,"date":"2014-05-01T11:01:40","date_gmt":"2014-05-01T11:01:40","guid":{"rendered":"http:\/\/www.colegiopuertosol.es\/wp\/?page_id=104"},"modified":"2024-04-01T14:12:36","modified_gmt":"2024-04-01T14:12:36","slug":"cursos-de-verano","status":"publish","type":"page","link":"https:\/\/old.colegiopuertosol.net\/?page_id=104","title":{"rendered":"Campamentos"},"content":{"rendered":"<p><span style=\"font-size: inherit;\">Buenas Papis y Mamis,<\/span><\/p>\n<div><\/div>\n<div>Les informo que ya est\u00e1 abierto el plazo de inscripci\u00f3n para el campamento de Verano Evolution Camp Puertosol 2024.<\/div>\n<div><\/div>\n<div>Pincha <a href=\"http:\/\/inscripcion.evolutioncamp.es\/\">aqu\u00ed<\/a> para inscribirte, \u00a1no lo dejes escapar!<\/div>\n<div><\/div>\n<div><\/div>\n<div>Les dejo los siguientes enlaces de inter\u00e9s:<\/div>\n<div><\/div>\n<div>\n<p><a href=\"https:\/\/evolutioncamp.es\/puertosol_24\/\">INFORMACI\u00d3N<\/a><\/p>\n<\/div>\n<div><\/div>\n<div>Cualquier duda pueden consultarla en info@evolutioncamp.es o directamente en el tel\u00e9fono de Evolution Camp 673 481 628 de 9:00 a 16:00.<\/div>\n<div><\/div>\n<p>Un\u00a0 saludo,<\/p>\n<p>Eva M\u00aa G\u00f3mez Garc\u00eda<\/p>\n<p>Coordinadora de actividades extraescolares<\/p>\n","protected":false},"excerpt":{"rendered":"<p>Buenas Papis y Mamis, Les informo que ya est\u00e1 abierto el plazo de inscripci\u00f3n para el campamento de Verano Evolution Camp Puertosol 2024. Pincha aqu\u00ed para inscribirte, \u00a1no lo dejes escapar! Les dejo los siguientes enlaces de inter\u00e9s: INFORMACI\u00d3N Cualquier duda pueden consultarla en info@evolutioncamp.es o directamente en el tel\u00e9fono de Evolution Camp 673 481 [&hellip;]<\/p>\n","protected":false},"author":1,"featured_media":18493,"parent":0,"menu_order":0,"comment_status":"closed","ping_status":"closed","template":"","meta":{"footnotes":""},"class_list":["post-104","page","type-page","status-publish","has-post-thumbnail","hentry"],"_links":{"self":[{"href":"https:\/\/old.colegiopuertosol.net\/index.php?rest_route=\/wp\/v2\/pages\/104","targetHints":{"allow":["GET"]}}],"collection":[{"href":"https:\/\/old.colegiopuertosol.net\/index.php?rest_route=\/wp\/v2\/pages"}],"about":[{"href":"https:\/\/old.colegiopuertosol.net\/index.php?rest_route=\/wp\/v2\/types\/page"}],"author":[{"embeddable":true,"href":"https:\/\/old.colegiopuertosol.net\/index.php?rest_route=\/wp\/v2\/users\/1"}],"replies":[{"embeddable":true,"href":"https:\/\/old.colegiopuertosol.net\/index.php?rest_route=%2Fwp%2Fv2%2Fcomments&post=104"}],"version-history":[{"count":93,"href":"https:\/\/old.colegiopuertosol.net\/index.php?rest_route=\/wp\/v2\/pages\/104\/revisions"}],"predecessor-version":[{"id":37095,"href":"https:\/\/old.colegiopuertosol.net\/index.php?rest_route=\/wp\/v2\/pages\/104\/revisions\/37095"}],"wp:featuredmedia":[{"embeddable":true,"href":"https:\/\/old.colegiopuertosol.net\/index.php?rest_route=\/wp\/v2\/media\/18493"}],"wp:attachment":[{"href":"https:\/\/old.colegiopuertosol.net\/index.php?rest_route=%2Fwp%2Fv2%2Fmedia&parent=104"}],"curies":[{"name":"wp","href":"https:\/\/api.w.org\/{rel}","templated":true}]}}